(g) - 5*i(g). Calculate v(20).
0
Let h(b) = 2*b**3 - 2*b**2 - 5*b + 2. Suppose -i = 2*m + 70, 3*i = -5*m - 59 - 118. Let k = -39 - -17. Let l be (k/m)/(2/9). Calculate h(l).
23
Let k(p) = 5*p**3 - 7*p**2 + 3*p + 14. Let t(d) = -11*d**3 + 16*d**2 - 7*d - 29. Let m = 177 + -168. Let j(u) = m*k(u) + 4*t(u). Determine j(0).
10
Let j = -2024 + 2024. Let u(n) = n**3 + 6*n**2 + 3*n - 5. Let m be u(-5). Let c(b) = -5*b - b + 3 + m*b. Determine c(j).
3
Let j(d) be the second derivative of d**3/6 - d**2 + 2*d. Let s(v) = v**3 + 8*v**2 + 20*v + 33. Let h be s(-5). What is j(h)?
6
Let l(v) be the first derivative of -7*v**2 + 13*v - 4570. Give l(-7).
111
Suppose 30*d - 7*d = 70*d + 141. Let n(x) = -2*x**3 + 3*x**2 - x + 7. Give n(d).
91
Let z(g) = 13*g**2 - 4*g + 16. Let q(u) = -39*u**2 + 13*u - 52. Let s(p) = -4*q(p) - 13*z(p). Give s(1).
-13
Let m(g) = -g - 4. Let l be 57*4/3 + 3. Suppose 5*c + l = -26. Let x = 16 + c. Calculate m(x).
1
Let a(h) = -7*h**3 + 2*h**2 - 6*h + 50. Let t(w) = -12*w**3 + 4*w**2 - 11*w + 83. Let o(b) = -5*a(b) + 3*t(b). Determine o(3).
-19
Let d(c) = 43*c**2 - 23*c - 7. Let b(h) = -165*h**2 + 89*h + 27. Let x(z) = 6*b(z) + 23*d(z). Let s = 6 - 2. Determine x(s).
5
Let t = 71 + -63. Let w(j) = j**2 + 11*j - 21. Let m be w(-13). Let k(l) = 3*l - m*l - 11 + 4*l - l. Determine k(t).
-3
Suppose -30 = s + 4*s. Let z = -1 - s. Let x(n) = 0*n + 16*n**2 - n - 8*n**2 - z*n**2. What is x(-2)?
14
Let m be ((-6)/(-1 + -1))/(-1). Let g(b) = -7*b**3 - 8*b**2 + 16*b - 5. Let x(o) = -2*o**3 - 2*o**2 + 5*o - 2. Let k(r) = 3*g(r) - 10*x(r). What is k(m)?
2
Suppose z + 4*r - 31 = 0, -z - 2*r = -13 - 10. Suppose -2*o - o = -z. Let c(v) = -16*v + 6 - 3*v**2 + 18*v - v + 4*v**2 - 9*v. Give c(o).
-9
Let f(n) = -17*n**3 + 3*n**2 - 3*n - 2. Let l(d) = -10*d**3 + d**2 - 2*d - 1. Let u(m) = -3*f(m) + 5*l(m). What is u(5)?
21
Let c(i) = -i**2 + 3*i + 2. Let m be -5 + 0 + -1 + 19. Suppose 6*a - m = -g + 4*a, 34 = 3*g + 5*a. Calculate c(g).
2
Let z be (-1)/6*2 - (-2)/6. Let m(u) = -u**2 + 10*u + 7. Give m(z).
7
Let r(b) be the first derivative of -b**4/2 + 3*b**3 - b**2/2 + 6*b - 8677. Give r(6).
-108
Suppose 0 = 5*g - 4*v + 74, 54*g - 51*g = -4*v - 38. Let w(b) = -b**3 - 14*b**2 - 13. What is w(g)?
-13
Suppose 23*h - 27*h = -24. Suppose -15 = -h*x - 3. Let f(u) = 3*u**2 - 3*u. What is f(x)?
6
Let m = 130 + -183. Let v = m + 53. Let p(j) = -j - 36. Give p(v).
-36
Let p(q) = 14*q**3 + 10*q**2 + 9*q + 23. Let l(c) = -15*c**3 - 8*c**2 - 8*c - 19. Let o(h) = 5*l(h) + 4*p(h). Determine o(-1).
20
Let w be 5 + -2 + -6 + 38*1. Suppose 31*b + w = 38*b. Let g(i) = i + 6 - 3*i + i. Calculate g(b).
1
Let w(x) be the second derivative of x**4/12 + 2*x**3 + x**2 - 2*x + 26. What is w(-12)?
2
Let x(j) = 2*j**2 - 2. Let m = 74 - 58. Suppose -5*n - m + 26 = 0. Determine x(n).
6
Let y = -37 - -30. Let r(n) = -2*n**3 - 11*n**2 - 6*n + 9. Let p(u) = u**3 + 3*u**2. Let x(w) = p(w) + r(w). Calculate x(y).
2
Let p(r) be the second derivative of r**4/12 + 53*r**3/6 + 52*r**2 + 12780*r. What is p(-51)?
2
Let m(j) = j**3 - 18*j**2 - 21*j + 52. Let b = -8187 - -8206. Give m(b).
14
Let t(r) = -r**3 + 4*r**2 + 4. Let d be t(4). Let b(v) = v + 4. Let s be b(1). Let q(x) = 0*x - 7*x + s + 2*x + 4*x. Give q(d).
1
Let y(l) = 3*l - 8*l + 8*l - 2*l - 1. Give y(1).
0
Let p(r) = 15*r**3 + r**2. Let m be p(1). Let s = m - 9. Suppose 6*q = 3*f + q + 2, 4*f = -3*q + s. Let j(y) = y. Give j(f).
1
Suppose -5*d + 225 = 195. Let p(i) = i + d*i + 3 - 9*i. What is p(5)?
-7
Let y(k) = 27*k + 182. Let z(g) = -12. Let f(p) = -y(p) + z(p). What is f(-7)?
-5
Let v = -113 - -124. Let j = -22 + v. Let c(k) = k**3 + 6*k**2 - 4*k**2 + 8*k**2 - 12*k - 7 + 0. Determine c(j).
4
Suppose 7*t = 4*t + 45. Let v(c) = 13*c - 34*c + t*c. Calculate v(2).
-12
Let d(t) = -16*t + 1. Let n be (10 - 55/10)*-2. What is d(n)?
145
Let k be (2 - (-51)/(-24))*(-13 + 9). Let w(s) be the second derivative of -k*s**3 + 11*s - 9/2*s**2 + 0. What is w(-6)?
9
Let d(v) = v**2 - 48*v - 159. Suppose 6*z = 10*z + 4*g - 184, 3*z = -4*g + 133. Calculate d(z).
-6
Let d(c) be the third derivative of -c**9/6720 + c**8/10080 - c**6/720 - 2*c**5/15 - 2*c**2 - 6. Let t(a) be the third derivative of d(a). Give t(1).
-8
Let g(t) = -27*t - 141. Let m be ((-8)/20)/((-68)/(-850)). Give g(m).
-6
Let j(n) = n**2 - 9*n + 14. Suppose 40*f + 295 = 615. Determine j(f).
6
Let v be (-1)/(-8)*(64 + -72). Let b(u) = -u + 4 - 6 + 0*u - 6*u. Calculate b(v).
5
Let q be (168/14 - -8)*(-6)/15. Let c(f) = f**2 + 13*f - 8. Give c(q).
-48
Let p(q) = -4*q**3 - 24*q**2 + 16*q + 3. Let x(o) = 7*o + 0*o - 6*o**2 - 1 - o**3 + 2 - 3*o. Let f(n) = 2*p(n) - 9*x(n). Let g be 1 - 2 - 0 - 5. Calculate f(g).
21
Let w(l) = 5 - l**2 + 0*l**3 - l**3 + 0*l**3 - 12 + 6 - 2*l. Give w(-1).
1
Let p be 3 + 504/54*(-9)/12. Let o(d) = -d**3 - 2*d**2 + 10*d + 11. Determine o(p).
3
Suppose -2*s - 9 = 1, 3*o + 2*s + 13 = 0. Let x(h) = 75*h**2 - h. Give x(o).
76
Let j(x) = -x**2 + x + 2. Let u(l) = 21*l**2 - 5*l - 13. Suppose 4*p - 26 = 5*a, 3*a - a + 16 = -4*p. Let n(q) = a*j(q) - u(q). Give n(1).
-15
Let p(v) = v**3 - 3*v**2 - 3*v + 4. Let m be 27 + -3 - (-5 - -2). Let q = m - 31. Let u be q + (-1)/((-2)/14). What is p(u)?
-5
Suppose -5*o + 2*l - l - 53 = 0, 0 = -2*o - 4*l - 8. Let i(q) = -q**2 - 11*q - 17. Calculate i(o).
-7
Let p(j) = 4*j + 17. Let n = -15 + 15. Determine p(n).
17
Let o be 15/(-105) + 154/49. Let r(y) = -27*y - 1. What is r(o)?
-82
Let s(b) = b**2 + 11*b + 47. Let f be 0/(0 - 10 - -20). Give s(f).
47
Let t(y) = -30*y - 476. Let v be t(-16). Let j(h) be the third derivative of -1/6*h**5 + 0*h + 0 + h**3 + 1/120*h**6 + 21*h**2 + 3/8*h**v. Give j(9).
6
Let j(b) = 11*b**2 - 1 - 4736*b + 2*b**3 + 18 + 4749*b + 12*b**2. Determine j(-11).
-5
Let t(b) = 72*b**2 + 45*b + 1. Let u be t(7). Let p(a) = u + 3*a**2 + 3*a**2 - 3840 + a + a**3. Let s = -19 - -13. Calculate p(s).
-2
Let r be -9*304/171*1/(-4). Let q(y) = -15*y + 54. Give q(r).
-6
Let d(q) = -7*q - 51. Let g be -3 - ((-9)/27 - ((-52)/(-12))/(-1)). Give d(g).
-2
Let l = 9/346 + 82/173. Let r(d) be the third derivative of l*d**3 + d**2 - 1/60*d**5 + 0*d + 0 - 1/6*d**4. Determine r(-5).
-2
Suppose 0 = -w - 3*y + 77, -242 = -3*w - 3*y - 17. Suppose -b - 12 = -5*t, -4*t = -2*b + 56 - w. Let i(m) = -m**3 - 7*m**2 + 5*m + 4. What is i(b)?
-31
Let r(y) = 3096*y - y**2 - 5 - 8 - 3080*y. Give r(12).
35
Let c = 2 + 5. Let z(n) = -5*n + 5. Let j = 107 + -105. Let f(o) = -o + 1. Let h(p) = j*z(p) - 9*f(p). What is h(c)?
-6
Let k(r) = -r**2 - 2*r - 2. Let i(a) = -5*a**2 + 9*a + 82. Let j(t) = -i(t) + 6*k(t). What is j(-15)?
-4
Let u(o) = 8*o**2 + 11*o - 24 + 2*o**2 - 18*o**2 + 10*o**2 - 68*o. Give u(29).
5
Let s(v) = -6*v**2 - 4*v + 5. Suppose p = 4*p + 2*a - 9, -4*p + 5*a = -12. Let t(x) = 5*x**2 + 3*x - 4. Let z(d) = p*s(d) + 4*t(d). Calculate z(1).
1
Let m be (-4)/10*200/((-660)/(-33)). Let r(l) = 17*l + 66. Determine r(m).
-2
Let a = -15 - 82. Let l = -93 - a. Let z(w) = w**2 - 4*w + 4. Give z(l).
4
Let u be ((-2)/27*3)/((-1070)/321). Let h(p) be the third derivative of -1/120*p**6 + 0*p - 6*p**2 + 0 + u*p**5 + 1/6*p**4 + 5/6*p**3. Give h(4).
21
Let r(t) = -4*t**2 + 3 + 6*t - 2 - t**3 + 0*t**2. Let o be (150 + -148)*((-5)/2 + 0). What is r(o)?
-4
Let s(n) = -n**3 + n**2 - 3. Suppose -218*a = -215*a - 108. Let d be -6*(-5 + a/8). Calculate s(d).
-21
Let d be 10 + -3 + 0 + 0. Let a(f) be the third derivative of -f**6/120 + 2*f**5/15 - 5*f**4/24 - 11*f**3/3 + 17*f**2 - 14*f. Give a(d).
-8
Let a(g) = -g**2 + 16*g + 6. Suppose -3*z - 1293 = -405. Let c = -279 - z. Determine a(c).
-11
Let s(z) = -z + 7. Let h(t) = 3*t**2 - 20*t - 4. Let x(a) = -7*a**2 + 40*a + 9. Let g(p) = 9*h(p) + 4*x(p). Let d be g(-20). Determine s(d).
7
Let q(n) = -3*n + 5. Let f(x) = -10*x + 18. Let s be 33/(-3 + 6) + 3. Let k(h) = s*q(h) - 4*f(h). What is k(-7)?
12
Let p(k) = -28*k - 2. Let u(q) = 84*q + 6. Let h(a) = -11*p(a) - 4*u(a). Calculate h(1).
-30
Let x(f) be the first derivative of f**2 + 7*f - 1. Let p = -341 - -491. Suppose 18*h - 42 = -p. What is x(h)?
-5
Let x(u) be the first derivative of u**4/4 - 25*u**3/3 + u**2/2 - 52*u + 8870. Determine x(25).
-27
Let b(d) = -67*d**2 - 5027*d - 155. Let p be b(-75). Let g(x) = -x**2 - 7*x - 10. What is g(p)?
0
Let 